626.
624
What is the remainder when 178352 is divided by 22293?
8
Calculate the remainder when 786500 is divided by 279.
278
What is the remainder when 3424 is divided by 13?
5
What is the remainder when 120444 is divided by 17?
16
Calculate the remainder when 1580097 is divided by 150.
147
Calculate the remainder when 1397 is divided by 166.
69
What is the remainder when 591248 is divided by 23?
10
Calculate the remainder when 717 is divided by 115.
27
Calculate the remainder when 149564 is divided by 74775.
14
Calculate the remainder when 6337 is divided by 141.
133
Calculate the remainder when 1734 is divided by 115.
9
What is the remainder when 18676 is divided by 41?
21
Calculate the remainder when 4162 is divided by 719.
567
What is the remainder when 716442 is divided by 179108?
10
Calculate the remainder when 6367 is divided by 1581.
43
What is the remainder when 13293 is divided by 267?
210
Calculate the remainder when 279787 is divided by 10.
7
Calculate the remainder when 2512 is divided by 1243.
26
What is the remainder when 55116 is divided by 592?
60
Calculate the remainder when 2304 is divided by 1129.
46
What is the remainder when 29254 is divided by 167?
29
What is the remainder when 837921 is divided by 418958?
5
What is the remainder when 58186 is divided by 122?
114
What is the remainder when 151834 is divided by 18975?
34
What is the remainder when 155229 is divided by 430?
429
Calculate the remainder when 1967 is divided by 122.
15
Calculate the remainder when 2889 is divided by 228.
153
What is the remainder when 1003 is divided by 191?
48
Calculate the remainder when 7329268 is divided by 1403.
1399
Calculate the remainder when 4071 is divided by 63.
39
What is the remainder when 4296 is divided by 222?
78
What is the remainder when 204238 is divided by 78?
34
What is the remainder when 4120 is divided by 6?
4
What is the remainder when 5129 is divided by 41?
4
Calculate the remainder when 5186 is divided by 12.
2
Calculate the remainder when 61548 is divided by 119.
25
What is the remainder when 7348 is divided by 1053?
1030
Calculate the remainder when 1498 is divided by 716.
66
What is the remainder when 1837 is divided by 1814?
23
Calculate the remainder when 7321 is divided by 7.
6
What is the remainder when 935 is divided by 137?
113
Calculate the remainder when 124134 is divided by 15.
9
What is the remainder when 68838 is divided by 5291?
55
Calculate the remainder when 29234 is divided by 344.
338
Calculate the remainder when 2572928 is divided by 42882.
8
What is the remainder when 8678 is divided by 99?
65
Calculate the remainder when 305227 is divided by 6.
1
Calculate the remainder when 3362 is divided by 1647.
68
Calculate the remainder when 56629 is divided by 295.
284
Calculate the remainder when 13179 is divided by 2179.
105
What is the remainder when 195671 is divided by 1829?
1797
Calculate the remainder when 913267 is divided by 58.
57
What is the remainder when 25540 is divided by 21?
4
What is the remainder when 18414 is divided by 104?
6
Calculate the remainder when 11834 is divided by 27.
8
Calculate the remainder when 36704 is divided by 781.
778
Calculate the remainder when 35413 is divided by 305.
33
What is the remainder when 252708 is divided by 979?
126
What is the remainder when 146098 is divided by 638?
634
What is the remainder when 1971 is divided by 860?
251
Calculate the remainder when 3136 is divided by 199.
151
Calculate the remainder when 9709 is divided by 8654.
1055
Calculate the remainder when 2194 is divided by 44.
38
What is the remainder when 217114 is divided by 184?
178
What is the remainder when 9251631 is divided by 362?
359
Calculate the remainder when 6775454 is divided by 16.
14
What is the remainder when 390721 is divided by 1156?
1149
What is the remainder when 7486 is divided by 344?
262
What is the remainder when 4628 is divided by 1504?
116
What is the remainder when 4706 is divided by 1063?
454
Calculate the remainder when 1809016 is divided by 6.
4
Calculate the remainder when 1671 is divided by 54.
51
Calculate the remainder when 62921 is divided by 15726.
17
What is the remainder when 32453 is divided by 9?
8
What is the remainder when 1204 is divided by 138?
100
What is the remainder when 790 is divided by 202?
184
What is the remainder when 32778 is divided by 482?
2
Calculate the remainder when 45830 is divided by 559.
551
Calculate the remainder when 2848 is divided by 113.
23
Calculate the remainder when 622184 is divided by 155545.
4
What is the remainder when 5765 is divided by 277?
225
What is the remainder when 3466 is divided by 51?
49
Calculate the remainder when 3585 is divided by 7.
1
Calculate the remainder when 205959 is divided by 542.
541
Calculate the remainder when 98744 is divided by 45.
14
Calculate the remainder when 105909 is divided by 890.
889
What is the remainder when 4973 is divided by 293?
285
What is the remainder when 415582 is divided by 52?
50
Calculate the remainder when 1482 is divided by 1299.
183
Calculate the remainder when 118709 is divided by 1626.
11
Calculate the remainder when 20650 is divided by 596.
386
What is the remainder when 56566 is divided by 92?
78
What is the remainder when 5162 is divided by 640?
42
What is the remainder when 636837 is divided by 9?
6
What is the remainder when 122249 is divided by 683?
675
Calculate the remainder when 769843 is divided by 48115.
3
What is the remainder when 7671 is divided by 82?
45
What is the remainder when 9626 is divided by 49?
22
Calculate the remainder when 1239 is divided by 1221.
18
Calculate the remainder when 91628 is divided by 6.
2
Calculate the remainder when 2937 is divided by 1462.
13
What is the remainder when 478 is divided by 67?
9
What is the remainder when 18240 is divided by 3038?
12
Calculate the remainder when 3723 is divided by 54.
51
What is the remainder when 1934 is divided by 35?
9
What is the remainder when 2269 is divided by 376?
13
Calculate the remainder when 2059 is divided by 1242.
817
What is the remainder when 220631 is divided by 1031?
1028
What is the remainder when 40135 is divided by 2508?
7
Calculate the remainder when 38567 is divided by 1676.
19
Calculate the remainder when 6093 is divided by 18.
9
What is the remainder when 8211 is divided by 1278?
543
What is the remainder when 236673 is divided by 4?
1
Calculate the remainder when 15236 is divided by 1904.
4
Calculate the remainder when 8486 is divided by 4221.
44
What is the remainder when 47395 is divided by 111?
109
What is the remainder when 8557 is divided by 342?
7
Calculate the remainder when 29311 is divided by 27.
16
What is the remainder when 2877 is divided by 108?
69
What is the remainder when 9697 is divided by 442?
415
Calculate the remainder when 62664 is divided by 2160.
24
What is the remainder when 23655 is divided by 7828?
171
Calculate the remainder when 7131 is divided by 32.
27
Calculate the remainder when 321179 is divided by 265.
264
What is the remainder when 39766 is divided by 7950?
16
What is the remainder when 31075 is divided by 20?
15
What is the remainder when 7720 is divided by 164?
12
What is the remainder when 2688 is divided by 58?
20
Calculate the remainder when 21422 is divided by 1781.
50
Calculate the remainder when 7298 is divided by 109.
104
Calculate the remainder when 86632 is divided by 22.
18
What is the remainder when 1402 is divided by 109?
94
Calculate the remainder when 13551 is divided by 1230.
21
Calculate the remainder when 448410 is divided by 288.
282
Calculate the remainder when 8295779 is divided by 285.
284
What is the remainder when 39039 is divided by 1028?
1003
Calculate the remainder when 133108 is divided by 242.
8
Calculate the remainder when 107117 is divided by 21422.
7
Calculate the remainder when 78416 is divided by 21.
2
What is the remainder when 4593 is divided by 905?
68
Calculate the remainder when 106057 is divided by 20.
17
What is the remainder when 36271 is divided by 211?
190
Calculate the remainder when 326498 is divided by 1074.
2
Calculate the remainder when 31142 is divided by 4448.
6
Calculate the remainder when 61843 is divided by 20.
3
What is the remainder when 9463 is divided by 413?
37